{"id":68,"date":"2023-04-12T12:03:39","date_gmt":"2023-04-12T12:03:39","guid":{"rendered":"https:\/\/fundacao-paodeacucar-auchan.pt\/website\/?page_id=68"},"modified":"2024-04-29T10:05:05","modified_gmt":"2024-04-29T10:05:05","slug":"servico-de-psicologia","status":"publish","type":"page","link":"https:\/\/fundacao-paodeacucar-auchan.pt\/website\/servico-de-psicologia\/","title":{"rendered":"Servi\u00e7o de Psicologia"},"content":{"rendered":"<div class='flex_column av-1ye2w-47473eb03d48344d199bfb7f0e1eea0b av_one_full  avia-builder-el-0  el_before_av_one_full  avia-builder-el-first  first flex_column_div '     ><style type=\"text\/css\" data-created_by=\"avia_inline_auto\" id=\"style-css-av-lgnvh41r-fb24ac661d71447af41bc531083a599e\">\n.avia-image-container.av-lgnvh41r-fb24ac661d71447af41bc531083a599e img.avia_image{\nbox-shadow:none;\n}\n.avia-image-container.av-lgnvh41r-fb24ac661d71447af41bc531083a599e .av-image-caption-overlay-center{\ncolor:#ffffff;\n}\n<\/style>\n<div  class='avia-image-container av-lgnvh41r-fb24ac661d71447af41bc531083a599e av-styling- avia-align-center  avia-builder-el-1  avia-builder-el-no-sibling '   itemprop=\"image\" itemscope=\"itemscope\" itemtype=\"https:\/\/schema.org\/ImageObject\" ><div class=\"avia-image-container-inner\"><div class=\"avia-image-overlay-wrap\"><img decoding=\"async\" class='wp-image-211 avia-img-lazy-loading-not-211 avia_image ' src=\"https:\/\/fundacao-paodeacucar-auchan.pt\/website\/wp-content\/uploads\/2023\/04\/psicologia.jpg\" alt='' title='psicologia'  height=\"400\" width=\"1310\"  itemprop=\"thumbnailUrl\" srcset=\"https:\/\/fundacao-paodeacucar-auchan.pt\/website\/wp-content\/uploads\/2023\/04\/psicologia.jpg 1310w, https:\/\/fundacao-paodeacucar-auchan.pt\/website\/wp-content\/uploads\/2023\/04\/psicologia-300x92.jpg 300w, https:\/\/fundacao-paodeacucar-auchan.pt\/website\/wp-content\/uploads\/2023\/04\/psicologia-1030x315.jpg 1030w, https:\/\/fundacao-paodeacucar-auchan.pt\/website\/wp-content\/uploads\/2023\/04\/psicologia-768x235.jpg 768w, https:\/\/fundacao-paodeacucar-auchan.pt\/website\/wp-content\/uploads\/2023\/04\/psicologia-705x215.jpg 705w\" sizes=\"(max-width: 1310px) 100vw, 1310px\" \/><\/div><\/div><\/div><\/div>\n<div class='flex_column av-5htc-ed827ccc6a5a45f4da1cb196468c378f av_one_full  avia-builder-el-2  el_after_av_one_full  el_before_av_hr  first flex_column_div column-top-margin'     ><section  class='av_textblock_section av-lgnv5uqb-8d5c921eb4b5fd2bba38c9b2e0d7ace3'  itemscope=\"itemscope\" itemtype=\"https:\/\/schema.org\/CreativeWork\" ><div class='avia_textblock'  itemprop=\"text\" ><h2 style=\"text-align: center;\">Servi\u00e7o de Psicologia<\/h2>\n<h3><\/h3>\n<h3>O que \u00e9?<\/h3>\n<p>O Servi\u00e7o de Psicologia dos Col\u00e9gios Rik&#038;Rok tem como esferas de a\u00e7\u00e3o as crian\u00e7as, as fam\u00edlias e os colaboradores, procurando contribuir para o bem-estar psicol\u00f3gico de todos os intervenientes. Composto por uma equipa de psic\u00f3logas das \u00e1reas cl\u00ednica e educacional, o trabalho desenvolvido assenta em tr\u00eas grandes \u00e1reas: Avalia\u00e7\u00e3o, Preven\u00e7\u00e3o \/ Promo\u00e7\u00e3o e Interven\u00e7\u00e3o.<\/p>\n<\/div><\/section><br \/>\n\n<style type=\"text\/css\" data-created_by=\"avia_inline_auto\" id=\"style-css-av-lgzffcv5-d4dd42ca887cedf8027e28de1514e726\">\n#top .hr.hr-invisible.av-lgzffcv5-d4dd42ca887cedf8027e28de1514e726{\nheight:50px;\n}\n<\/style>\n<div  class='hr av-lgzffcv5-d4dd42ca887cedf8027e28de1514e726 hr-invisible  avia-builder-el-4  el_after_av_textblock  el_before_av_timeline '><span class='hr-inner '><span class=\"hr-inner-style\"><\/span><\/span><\/div><br \/>\n<div  id=\"avia-timeline-1\"  class='avia-timeline-container av-lgnvzn6h-04e5314fd63263212adcf7bda299f6d6 av-slideshow-ui  avia-builder-el-5  el_after_av_hr  avia-builder-el-last ' ><ul class='avia-timeline avia-timeline-vertical av-milestone-placement-left avia-timeline- avia_animate_when_almost_visible avia-timeline-animate'>\n<li  class='av-milestone av-lgnw0nwd-04472d75f378e2ed9045e7bda4238f7a av-animated-generic fade-in av-milestone-valign-middle av-milestone-odd'><h2 class='av-milestone-date ' id='milestone-avaliacao'><strong>Avalia\u00e7\u00e3o<span class='av-milestone-indicator'><\/span><\/strong><\/h2><div class=\"av-milestone-icon-wrap\"><span class='av-milestone-icon milestone_icon avia-font-entypo-fontello'><span class='av-milestone-icon-inner milestone_inner'><i class='milestone-char' aria-hidden='true' data-av_icon='\ue826' data-av_iconfont='entypo-fontello'><\/i><\/span><\/span><\/div><article class='av-milestone-content-wrap'><div class='av-milestone-contentbox'><div class='av-milestone-content'><p>Numa primeira fase\u00a0<b>observamos a avaliamos<\/b>\u00a0o desenvolvimento normativo e saud\u00e1vel das crian\u00e7as, podendo assim identificar de uma forma precoce algum desvio que surja ao longo do seu crescimento;<\/p>\n<\/div><\/div><footer class='av-milestone-article-footer entry-footer'><\/footer><\/article><\/li>\n<li  class='av-milestone av-lgnw4m7t-0d6864a894c80134ce3d9130d6944921 av-animated-generic fade-in av-milestone-valign-middle av-milestone-even'><h2 class='av-milestone-date ' id='milestone-prevencao'><strong>Preven\u00e7\u00e3o<span class='av-milestone-indicator'><\/span><\/strong><\/h2><div class=\"av-milestone-icon-wrap\"><span class='av-milestone-icon milestone_icon avia-font-entypo-fontello'><span class='av-milestone-icon-inner milestone_inner'><i class='milestone-char' aria-hidden='true' data-av_icon='\ue8a3' data-av_iconfont='entypo-fontello'><\/i><\/span><\/span><\/div><article class='av-milestone-content-wrap'><div class='av-milestone-contentbox'><div class='av-milestone-content'><p><b>Promovemos<\/b>\u00a0compet\u00eancias junto das fam\u00edlias e desenvolvemos estrat\u00e9gias conjuntas em equipa, dentro de sala, para assegurar uma estimula\u00e7\u00e3o do desenvolvimento adequada a cada idade e a cada crian\u00e7a, tendo em conta o seu contexto \u00fanico e os seus interesses. Promovemos tamb\u00e9m, junto dos colaboradores a sua sa\u00fade emocional, atrav\u00e9s de workshops, promo\u00e7\u00e3o de espa\u00e7os de di\u00e1logo e reflex\u00e3o \/ partilha de boas pr\u00e1ticas;<\/p>\n<\/div><\/div><footer class='av-milestone-article-footer entry-footer'><\/footer><\/article><\/li>\n<li  class='av-milestone av-lgnw50yp-ed9bc842e770bf8219cbd4f5feb04338 av-animated-generic fade-in av-milestone-valign-middle av-milestone-odd'><h2 class='av-milestone-date ' id='milestone-intervencao'><strong>Interven\u00e7\u00e3o<span class='av-milestone-indicator'><\/span><\/strong><\/h2><div class=\"av-milestone-icon-wrap\"><span class='av-milestone-icon milestone_icon avia-font-entypo-fontello'><span class='av-milestone-icon-inner milestone_inner'><i class='milestone-char' aria-hidden='true' data-av_icon='\ue80b' data-av_iconfont='entypo-fontello'><\/i><\/span><\/span><\/div><article class='av-milestone-content-wrap'><div class='av-milestone-contentbox'><div class='av-milestone-content'><p>Por \u00faltimo\u00a0<b>intervimo<\/b><strong>s<\/strong>\u00a0de uma forma mais direta, junto de crian\u00e7as e fam\u00edlias, apoiando na procura dos recursos e servi\u00e7os necess\u00e1rios, ou intervindo diretamente com a crian\u00e7a e fam\u00edlia, sempre que tal se considere necess\u00e1rio.<\/p>\n<\/div><\/div><footer class='av-milestone-article-footer entry-footer'><\/footer><\/article><\/li>\n<\/ul><\/div><\/p><\/div>\n\n<style type=\"text\/css\" data-created_by=\"avia_inline_auto\" id=\"style-css-av-1c3gg-dce173e050da5412ab73bb09639643ca\">\n#top .hr.hr-invisible.av-1c3gg-dce173e050da5412ab73bb09639643ca{\nheight:50px;\n}\n<\/style>\n<div  class='hr av-1c3gg-dce173e050da5412ab73bb09639643ca hr-invisible  avia-builder-el-6  el_after_av_one_full  el_before_av_one_full '><span class='hr-inner '><span class=\"hr-inner-style\"><\/span><\/span><\/div>\n\n<style type=\"text\/css\" data-created_by=\"avia_inline_auto\" id=\"style-css-av-lgnwklh2-aada6b7a51d98157eb2cd41e5ed4712a\">\n.flex_column.av-lgnwklh2-aada6b7a51d98157eb2cd41e5ed4712a{\npadding:20px 20px 20px 20px;\nbackground-color:#262f65;\n}\n<\/style>\n<div class='flex_column av-lgnwklh2-aada6b7a51d98157eb2cd41e5ed4712a av_one_full  avia-builder-el-7  el_after_av_hr  el_before_av_hr  first flex_column_div '     ><style type=\"text\/css\" data-created_by=\"avia_inline_auto\" id=\"style-css-av-lgnwes8o-8e67e88e98572d294d1673a874ff6868\">\n#top .av_textblock_section.av-lgnwes8o-8e67e88e98572d294d1673a874ff6868 .avia_textblock{\nfont-size:16px;\ncolor:#ffffff;\ntext-align:center;\n}\n<\/style>\n<section  class='av_textblock_section av-lgnwes8o-8e67e88e98572d294d1673a874ff6868'  itemscope=\"itemscope\" itemtype=\"https:\/\/schema.org\/CreativeWork\" ><div class='avia_textblock av_inherit_color'  itemprop=\"text\" ><p class=\"p1\"><strong>Acreditamos que \u00e9 atrav\u00e9s desta abordagem interdisciplinar, em que o psic\u00f3logo articula diretamente com todos os intervenientes promotores do desenvolvimento saud\u00e1vel da crian\u00e7a (fam\u00edlias, equipa pedag\u00f3gica, terapeutas, t\u00e9cnicos das equipas locais de interven\u00e7\u00e3o precoce ou outras institui\u00e7\u00f5es), que podemos promover o crescimento feliz das nossas crian\u00e7as!<\/strong><\/p>\n<\/div><\/section><\/div>\n\n<style type=\"text\/css\" data-created_by=\"avia_inline_auto\" id=\"style-css-av-12qvs-c25134c87e6ebf924335aa854ae4c82f\">\n#top .hr.hr-invisible.av-12qvs-c25134c87e6ebf924335aa854ae4c82f{\nheight:50px;\n}\n<\/style>\n<div  class='hr av-12qvs-c25134c87e6ebf924335aa854ae4c82f hr-invisible  avia-builder-el-9  el_after_av_one_full  el_before_av_one_full '><span class='hr-inner '><span class=\"hr-inner-style\"><\/span><\/span><\/div>\n<div class='flex_column av-uhqk-bda9fcd1627470272014d3d926b00225 av_one_full  avia-builder-el-10  el_after_av_hr  avia-builder-el-last  first flex_column_div '     ><section  class='av_textblock_section av-lgnv3xqc-a115b9d09ca9c05d087886c4541b1044'  itemscope=\"itemscope\" itemtype=\"https:\/\/schema.org\/CreativeWork\" ><div class='avia_textblock'  itemprop=\"text\" ><h3>Quando recorrer ao servi\u00e7o de psicologia?<\/h3>\n<ul>\n<li>Sempre que surgir alguma d\u00favida ou receio, enquanto pais, por mais simples que possa parecer, acerca do desenvolvimento da sua crian\u00e7a<\/li>\n<li>Se quiser saber mais sobre as diferentes etapas do desenvolvimento infantil<\/li>\n<li>Enquanto agente educativo se sentir necessidade de desenvolver novas estrat\u00e9gias em sala adequadas aos desafios do seu grupo \/ crian\u00e7as<\/li>\n<li>Se pretender algum apoio ou orienta\u00e7\u00e3o do foro psicol\u00f3gico (colaboradores ou fam\u00edlias)<\/li>\n<li>Quando, enquanto pai, sentir que precisa de novas estrat\u00e9gias para lidar com os desafios da parentalidade no seu dia-a-dia<\/li>\n<li>Para encontrar os recursos t\u00e9cnicas \/ terap\u00eauticos adequados a alguma necessidade especial da crian\u00e7a<\/li>\n<li>Para sugerir algum tema que considere interessante promover junto da comunidade educativa.<\/li>\n<\/ul>\n<\/div><\/section><\/div>\n","protected":false},"excerpt":{"rendered":"","protected":false},"author":1,"featured_media":0,"parent":0,"menu_order":5,"comment_status":"closed","ping_status":"closed","template":"","meta":{"inline_featured_image":false,"footnotes":""},"class_list":["post-68","page","type-page","status-publish","hentry"],"_links":{"self":[{"href":"https:\/\/fundacao-paodeacucar-auchan.pt\/website\/wp-json\/wp\/v2\/pages\/68","targetHints":{"allow":["GET"]}}],"collection":[{"href":"https:\/\/fundacao-paodeacucar-auchan.pt\/website\/wp-json\/wp\/v2\/pages"}],"about":[{"href":"https:\/\/fundacao-paodeacucar-auchan.pt\/website\/wp-json\/wp\/v2\/types\/page"}],"author":[{"embeddable":true,"href":"https:\/\/fundacao-paodeacucar-auchan.pt\/website\/wp-json\/wp\/v2\/users\/1"}],"replies":[{"embeddable":true,"href":"https:\/\/fundacao-paodeacucar-auchan.pt\/website\/wp-json\/wp\/v2\/comments?post=68"}],"version-history":[{"count":13,"href":"https:\/\/fundacao-paodeacucar-auchan.pt\/website\/wp-json\/wp\/v2\/pages\/68\/revisions"}],"predecessor-version":[{"id":1741,"href":"https:\/\/fundacao-paodeacucar-auchan.pt\/website\/wp-json\/wp\/v2\/pages\/68\/revisions\/1741"}],"wp:attachment":[{"href":"https:\/\/fundacao-paodeacucar-auchan.pt\/website\/wp-json\/wp\/v2\/media?parent=68"}],"curies":[{"name":"wp","href":"https:\/\/api.w.org\/{rel}","templated":true}]}}

Serviço de Psicologia

<div class='flex_column av-1ye2w-47473eb03d48344d199bfb7f0e1eea0b av_one_full  avia-builder-el-0  el_before_av_one_full  avia-builder-el-first  first flex_column_div '     ><style type="text/css" data-created_by="avia_inline_auto" id="style-css-av-lgnvh41r-fb24ac661d71447af41bc531083a599e">
.avia-image-container.av-lgnvh41r-fb24ac661d71447af41bc531083a599e img.avia_image{
box-shadow:none;
}
.avia-image-container.av-lgnvh41r-fb24ac661d71447af41bc531083a599e .av-image-caption-overlay-center{
color:#ffffff;
}
</style>
<div  class='avia-image-container av-lgnvh41r-fb24ac661d71447af41bc531083a599e av-styling- avia-align-center  avia-builder-el-1  avia-builder-el-no-sibling '   itemprop="image" itemscope="itemscope" itemtype="https://schema.org/ImageObject" ><div class="avia-image-container-inner"><div class="avia-image-overlay-wrap"><img decoding="async" class='wp-image-211 avia-img-lazy-loading-not-211 avia_image ' src="https://fundacao-paodeacucar-auchan.pt/website/wp-content/uploads/2023/04/psicologia.jpg" alt='' title='psicologia'  height="400" width="1310"  itemprop="thumbnailUrl" srcset="https://fundacao-paodeacucar-auchan.pt/website/wp-content/uploads/2023/04/psicologia.jpg 1310w, https://fundacao-paodeacucar-auchan.pt/website/wp-content/uploads/2023/04/psicologia-300x92.jpg 300w, https://fundacao-paodeacucar-auchan.pt/website/wp-content/uploads/2023/04/psicologia-1030x315.jpg 1030w, https://fundacao-paodeacucar-auchan.pt/website/wp-content/uploads/2023/04/psicologia-768x235.jpg 768w, https://fundacao-paodeacucar-auchan.pt/website/wp-content/uploads/2023/04/psicologia-705x215.jpg 705w" sizes="(max-width: 1310px) 100vw, 1310px" /></div></div></div></div>
<div class='flex_column av-5htc-ed827ccc6a5a45f4da1cb196468c378f av_one_full  avia-builder-el-2  el_after_av_one_full  el_before_av_hr  first flex_column_div column-top-margin'     ><section  class='av_textblock_section av-lgnv5uqb-8d5c921eb4b5fd2bba38c9b2e0d7ace3'  itemscope="itemscope" itemtype="https://schema.org/CreativeWork" ><div class='avia_textblock'  itemprop="text" ><h2 style="text-align: center;">Serviço de Psicologia</h2>
<h3></h3>
<h3>O que é?</h3>
<p>O Serviço de Psicologia dos Colégios Rik&#038;Rok tem como esferas de ação as crianças, as famílias e os colaboradores, procurando contribuir para o bem-estar psicológico de todos os intervenientes. Composto por uma equipa de psicólogas das áreas clínica e educacional, o trabalho desenvolvido assenta em três grandes áreas: Avaliação, Prevenção / Promoção e Intervenção.</p>
</div></section><br />

<style type="text/css" data-created_by="avia_inline_auto" id="style-css-av-lgzffcv5-d4dd42ca887cedf8027e28de1514e726">
#top .hr.hr-invisible.av-lgzffcv5-d4dd42ca887cedf8027e28de1514e726{
height:50px;
}
</style>
<div  class='hr av-lgzffcv5-d4dd42ca887cedf8027e28de1514e726 hr-invisible  avia-builder-el-4  el_after_av_textblock  el_before_av_timeline '><span class='hr-inner '><span class="hr-inner-style"></span></span></div><br />
<div  id="avia-timeline-1"  class='avia-timeline-container av-lgnvzn6h-04e5314fd63263212adcf7bda299f6d6 av-slideshow-ui  avia-builder-el-5  el_after_av_hr  avia-builder-el-last ' ><ul class='avia-timeline avia-timeline-vertical av-milestone-placement-left avia-timeline- avia_animate_when_almost_visible avia-timeline-animate'>
<li  class='av-milestone av-lgnw0nwd-04472d75f378e2ed9045e7bda4238f7a av-animated-generic fade-in av-milestone-valign-middle av-milestone-odd'><h2 class='av-milestone-date ' id='milestone-avaliacao'><strong>Avaliação<span class='av-milestone-indicator'></span></strong></h2><div class="av-milestone-icon-wrap"><span class='av-milestone-icon milestone_icon avia-font-entypo-fontello'><span class='av-milestone-icon-inner milestone_inner'><i class='milestone-char' aria-hidden='true' data-av_icon='' data-av_iconfont='entypo-fontello'></i></span></span></div><article class='av-milestone-content-wrap'><div class='av-milestone-contentbox'><div class='av-milestone-content'><p>Numa primeira fase <b>observamos a avaliamos</b> o desenvolvimento normativo e saudável das crianças, podendo assim identificar de uma forma precoce algum desvio que surja ao longo do seu crescimento;</p>
</div></div><footer class='av-milestone-article-footer entry-footer'></footer></article></li>
<li  class='av-milestone av-lgnw4m7t-0d6864a894c80134ce3d9130d6944921 av-animated-generic fade-in av-milestone-valign-middle av-milestone-even'><h2 class='av-milestone-date ' id='milestone-prevencao'><strong>Prevenção<span class='av-milestone-indicator'></span></strong></h2><div class="av-milestone-icon-wrap"><span class='av-milestone-icon milestone_icon avia-font-entypo-fontello'><span class='av-milestone-icon-inner milestone_inner'><i class='milestone-char' aria-hidden='true' data-av_icon='' data-av_iconfont='entypo-fontello'></i></span></span></div><article class='av-milestone-content-wrap'><div class='av-milestone-contentbox'><div class='av-milestone-content'><p><b>Promovemos</b> competências junto das famílias e desenvolvemos estratégias conjuntas em equipa, dentro de sala, para assegurar uma estimulação do desenvolvimento adequada a cada idade e a cada criança, tendo em conta o seu contexto único e os seus interesses. Promovemos também, junto dos colaboradores a sua saúde emocional, através de workshops, promoção de espaços de diálogo e reflexão / partilha de boas práticas;</p>
</div></div><footer class='av-milestone-article-footer entry-footer'></footer></article></li>
<li  class='av-milestone av-lgnw50yp-ed9bc842e770bf8219cbd4f5feb04338 av-animated-generic fade-in av-milestone-valign-middle av-milestone-odd'><h2 class='av-milestone-date ' id='milestone-intervencao'><strong>Intervenção<span class='av-milestone-indicator'></span></strong></h2><div class="av-milestone-icon-wrap"><span class='av-milestone-icon milestone_icon avia-font-entypo-fontello'><span class='av-milestone-icon-inner milestone_inner'><i class='milestone-char' aria-hidden='true' data-av_icon='' data-av_iconfont='entypo-fontello'></i></span></span></div><article class='av-milestone-content-wrap'><div class='av-milestone-contentbox'><div class='av-milestone-content'><p>Por último <b>intervimo</b><strong>s</strong> de uma forma mais direta, junto de crianças e famílias, apoiando na procura dos recursos e serviços necessários, ou intervindo diretamente com a criança e família, sempre que tal se considere necessário.</p>
</div></div><footer class='av-milestone-article-footer entry-footer'></footer></article></li>
</ul></div></p></div>

<style type="text/css" data-created_by="avia_inline_auto" id="style-css-av-1c3gg-dce173e050da5412ab73bb09639643ca">
#top .hr.hr-invisible.av-1c3gg-dce173e050da5412ab73bb09639643ca{
height:50px;
}
</style>
<div  class='hr av-1c3gg-dce173e050da5412ab73bb09639643ca hr-invisible  avia-builder-el-6  el_after_av_one_full  el_before_av_one_full '><span class='hr-inner '><span class="hr-inner-style"></span></span></div>

<style type="text/css" data-created_by="avia_inline_auto" id="style-css-av-lgnwklh2-aada6b7a51d98157eb2cd41e5ed4712a">
.flex_column.av-lgnwklh2-aada6b7a51d98157eb2cd41e5ed4712a{
padding:20px 20px 20px 20px;
background-color:#262f65;
}
</style>
<div class='flex_column av-lgnwklh2-aada6b7a51d98157eb2cd41e5ed4712a av_one_full  avia-builder-el-7  el_after_av_hr  el_before_av_hr  first flex_column_div '     ><style type="text/css" data-created_by="avia_inline_auto" id="style-css-av-lgnwes8o-8e67e88e98572d294d1673a874ff6868">
#top .av_textblock_section.av-lgnwes8o-8e67e88e98572d294d1673a874ff6868 .avia_textblock{
font-size:16px;
color:#ffffff;
text-align:center;
}
</style>
<section  class='av_textblock_section av-lgnwes8o-8e67e88e98572d294d1673a874ff6868'  itemscope="itemscope" itemtype="https://schema.org/CreativeWork" ><div class='avia_textblock av_inherit_color'  itemprop="text" ><p class="p1"><strong>Acreditamos que é através desta abordagem interdisciplinar, em que o psicólogo articula diretamente com todos os intervenientes promotores do desenvolvimento saudável da criança (famílias, equipa pedagógica, terapeutas, técnicos das equipas locais de intervenção precoce ou outras instituições), que podemos promover o crescimento feliz das nossas crianças!</strong></p>
</div></section></div>

<style type="text/css" data-created_by="avia_inline_auto" id="style-css-av-12qvs-c25134c87e6ebf924335aa854ae4c82f">
#top .hr.hr-invisible.av-12qvs-c25134c87e6ebf924335aa854ae4c82f{
height:50px;
}
</style>
<div  class='hr av-12qvs-c25134c87e6ebf924335aa854ae4c82f hr-invisible  avia-builder-el-9  el_after_av_one_full  el_before_av_one_full '><span class='hr-inner '><span class="hr-inner-style"></span></span></div>
<div class='flex_column av-uhqk-bda9fcd1627470272014d3d926b00225 av_one_full  avia-builder-el-10  el_after_av_hr  avia-builder-el-last  first flex_column_div '     ><section  class='av_textblock_section av-lgnv3xqc-a115b9d09ca9c05d087886c4541b1044'  itemscope="itemscope" itemtype="https://schema.org/CreativeWork" ><div class='avia_textblock'  itemprop="text" ><h3>Quando recorrer ao serviço de psicologia?</h3>
<ul>
<li>Sempre que surgir alguma dúvida ou receio, enquanto pais, por mais simples que possa parecer, acerca do desenvolvimento da sua criança</li>
<li>Se quiser saber mais sobre as diferentes etapas do desenvolvimento infantil</li>
<li>Enquanto agente educativo se sentir necessidade de desenvolver novas estratégias em sala adequadas aos desafios do seu grupo / crianças</li>
<li>Se pretender algum apoio ou orientação do foro psicológico (colaboradores ou famílias)</li>
<li>Quando, enquanto pai, sentir que precisa de novas estratégias para lidar com os desafios da parentalidade no seu dia-a-dia</li>
<li>Para encontrar os recursos técnicas / terapêuticos adequados a alguma necessidade especial da criança</li>
<li>Para sugerir algum tema que considere interessante promover junto da comunidade educativa.</li>
</ul>
</div></section></div>
